{"id":313,"date":"2024-09-22T16:31:04","date_gmt":"2024-09-22T14:31:04","guid":{"rendered":"https:\/\/www.ozdravnemasaze.cz\/uvod\/?page_id=313"},"modified":"2025-07-07T19:00:33","modified_gmt":"2025-07-07T17:00:33","slug":"historie","status":"publish","type":"page","link":"https:\/\/www.ozdravnemasaze.cz\/uvod\/index.php\/historie\/","title":{"rendered":"Historie"},"content":{"rendered":"\n<p class=\"has-black-color has-text-color has-link-color wp-elements-815ba9cdbe7bac165753970cec97fd2a\"><strong>Tui-na<\/strong> mas\u00e1\u017e\u00a0(tui \u2013 tla\u010dit po linii, na \u2013 uchopit),\u00a0m\u00e1 ko\u0159eny v tradi\u010dn\u00ed \u010d\u00ednsk\u00e9 medic\u00edn\u011b a je jednou z nejstar\u0161\u00edch mas\u00e1\u017en\u00edch technik na sv\u011bt\u011b. Jej\u00ed historie sah\u00e1 a\u017e do starov\u011bk\u00e9 \u010c\u00edny, kde byla pou\u017e\u00edv\u00e1na k l\u00e9\u010db\u011b r\u016fzn\u00fdch nemoc\u00ed a k pos\u00edlen\u00ed celkov\u00e9ho zdrav\u00ed.\u00a0<\/p>\n\n\n\n<p class=\"has-black-color has-text-color has-link-color wp-elements-68fcfcab3de7aaba611a5c371fe6a0d9\">Dnes jsou tuina studijn\u00edm oborem na l\u00e9ka\u0159sk\u00fdch fakult\u00e1ch a v mnoha nemocnic\u00edch T\u010cM existuj\u00ed mas\u00e1\u017en\u00ed odd\u011blen\u00ed, kde se prov\u00e1d\u011bj\u00ed speci\u00e1ln\u00ed l\u00e9\u010debn\u00e9 mas\u00e1\u017ee. Mimo\u0159\u00e1dn\u00e1 je i obl\u00edbenost relaxa\u010dn\u00edch a ozdravn\u00fdch mas\u00e1\u017e\u00ed, kter\u00e9 jsou poskytov\u00e1ny v po\u010detn\u00fdch mas\u00e1\u017en\u00edch sal\u00f3nech a centrech zdrav\u00e9ho \u017eivotn\u00edho stylu. Sou\u010dasn\u011b se praktiky tuina \u00fasp\u011b\u0161n\u011b \u0161\u00ed\u0159\u00ed po sv\u011bt\u011b, kde se neust\u00e1le zvy\u0161uje z\u00e1jem o vyu\u017e\u00edv\u00e1n\u00ed t\u011bchto stalet\u00edmi ov\u011b\u0159en\u00fdch ozdravn\u00fdch metod.<br><\/p>\n\n\n\n<p><\/p>\n","protected":false},"excerpt":{"rendered":"<p>Tui-na mas\u00e1\u017e\u00a0(tui \u2013 tla\u010dit po linii, na \u2013 uchopit),\u00a0m\u00e1 ko\u0159eny v tradi\u010dn\u00ed \u010d\u00ednsk\u00e9 medic\u00edn\u011b a je jednou z nejstar\u0161\u00edch mas\u00e1\u017en\u00edch technik na sv\u011bt\u011b. Jej\u00ed historie sah\u00e1 a\u017e do starov\u011bk\u00e9 \u010c\u00edny, kde byla pou\u017e\u00edv\u00e1na k l\u00e9\u010db\u011b r\u016fzn\u00fdch nemoc\u00ed a k pos\u00edlen\u00ed celkov\u00e9ho zdrav\u00ed.\u00a0 Dnes jsou tuina studijn\u00edm oborem na l\u00e9ka\u0159sk\u00fdch fakult\u00e1ch a v mnoha nemocnic\u00edch T\u010cM [&hellip;]<\/p>\n","protected":false},"author":1,"featured_media":0,"parent":0,"menu_order":0,"comment_status":"closed","ping_status":"closed","template":"","meta":{"footnotes":""},"class_list":["post-313","page","type-page","status-publish","hentry"],"yoast_head":"<!-- This site is optimized with the Yoast SEO plugin v27.5 - https:\/\/yoast.com\/product\/yoast-seo-wordpress\/ -->\n<title>Historie - Ozdravn\u00e9 Mas\u00e1\u017ee<\/title>\n<meta name=\"robots\" content=\"index, follow, max-snippet:-1, max-image-preview:large, max-video-preview:-1\" \/>\n<link rel=\"canonical\" href=\"https:\/\/www.ozdravnemasaze.cz\/uvod\/index.php\/historie\/\" \/>\n<meta property=\"og:locale\" content=\"cs_CZ\" \/>\n<meta property=\"og:type\" content=\"article\" \/>\n<meta property=\"og:title\" content=\"Historie - Ozdravn\u00e9 Mas\u00e1\u017ee\" \/>\n<meta property=\"og:description\" content=\"Tui-na mas\u00e1\u017e\u00a0(tui \u2013 tla\u010dit po linii, na \u2013 uchopit),\u00a0m\u00e1 ko\u0159eny v tradi\u010dn\u00ed \u010d\u00ednsk\u00e9 medic\u00edn\u011b a je jednou z nejstar\u0161\u00edch mas\u00e1\u017en\u00edch technik na sv\u011bt\u011b. Jej\u00ed historie sah\u00e1 a\u017e do starov\u011bk\u00e9 \u010c\u00edny, kde byla pou\u017e\u00edv\u00e1na k l\u00e9\u010db\u011b r\u016fzn\u00fdch nemoc\u00ed a k pos\u00edlen\u00ed celkov\u00e9ho zdrav\u00ed.\u00a0 Dnes jsou tuina studijn\u00edm oborem na l\u00e9ka\u0159sk\u00fdch fakult\u00e1ch a v mnoha nemocnic\u00edch T\u010cM [&hellip;]\" \/>\n<meta property=\"og:url\" content=\"https:\/\/www.ozdravnemasaze.cz\/uvod\/index.php\/historie\/\" \/>\n<meta property=\"og:site_name\" content=\"Ozdravn\u00e9 Mas\u00e1\u017ee\" \/>\n<meta property=\"article:modified_time\" content=\"2025-07-07T17:00:33+00:00\" \/>\n<meta name=\"twitter:card\" content=\"summary_large_image\" \/>\n<meta name=\"twitter:label1\" content=\"Odhadovan\u00e1 doba \u010dten\u00ed\" \/>\n\t<meta name=\"twitter:data1\" content=\"1 minuta\" \/>\n<script type=\"application\/ld+json\" class=\"yoast-schema-graph\">{\"@context\":\"https:\\\/\\\/schema.org\",\"@graph\":[{\"@type\":\"WebPage\",\"@id\":\"https:\\\/\\\/www.ozdravnemasaze.cz\\\/uvod\\\/index.php\\\/historie\\\/\",\"url\":\"https:\\\/\\\/www.ozdravnemasaze.cz\\\/uvod\\\/index.php\\\/historie\\\/\",\"name\":\"Historie - Ozdravn\u00e9 Mas\u00e1\u017ee\",\"isPartOf\":{\"@id\":\"https:\\\/\\\/www.ozdravnemasaze.cz\\\/uvod\\\/#website\"},\"datePublished\":\"2024-09-22T14:31:04+00:00\",\"dateModified\":\"2025-07-07T17:00:33+00:00\",\"breadcrumb\":{\"@id\":\"https:\\\/\\\/www.ozdravnemasaze.cz\\\/uvod\\\/index.php\\\/historie\\\/#breadcrumb\"},\"inLanguage\":\"cs\",\"potentialAction\":[{\"@type\":\"ReadAction\",\"target\":[\"https:\\\/\\\/www.ozdravnemasaze.cz\\\/uvod\\\/index.php\\\/historie\\\/\"]}]},{\"@type\":\"BreadcrumbList\",\"@id\":\"https:\\\/\\\/www.ozdravnemasaze.cz\\\/uvod\\\/index.php\\\/historie\\\/#breadcrumb\",\"itemListElement\":[{\"@type\":\"ListItem\",\"position\":1,\"name\":\"Home\",\"item\":\"https:\\\/\\\/www.ozdravnemasaze.cz\\\/uvod\\\/\"},{\"@type\":\"ListItem\",\"position\":2,\"name\":\"Historie\"}]},{\"@type\":\"WebSite\",\"@id\":\"https:\\\/\\\/www.ozdravnemasaze.cz\\\/uvod\\\/#website\",\"url\":\"https:\\\/\\\/www.ozdravnemasaze.cz\\\/uvod\\\/\",\"name\":\"Ozdravn\u00e9 Mas\u00e1\u017ee\",\"description\":\"Ozdravn\u00e9 Mas\u00e1\u017ee\",\"potentialAction\":[{\"@type\":\"SearchAction\",\"target\":{\"@type\":\"EntryPoint\",\"urlTemplate\":\"https:\\\/\\\/www.ozdravnemasaze.cz\\\/uvod\\\/?s={search_term_string}\"},\"query-input\":{\"@type\":\"PropertyValueSpecification\",\"valueRequired\":true,\"valueName\":\"search_term_string\"}}],\"inLanguage\":\"cs\"}]}<\/script>\n<!-- \/ Yoast SEO plugin. -->","yoast_head_json":{"title":"Historie - Ozdravn\u00e9 Mas\u00e1\u017ee","robots":{"index":"index","follow":"follow","max-snippet":"max-snippet:-1","max-image-preview":"max-image-preview:large","max-video-preview":"max-video-preview:-1"},"canonical":"https:\/\/www.ozdravnemasaze.cz\/uvod\/index.php\/historie\/","og_locale":"cs_CZ","og_type":"article","og_title":"Historie - Ozdravn\u00e9 Mas\u00e1\u017ee","og_description":"Tui-na mas\u00e1\u017e\u00a0(tui \u2013 tla\u010dit po linii, na \u2013 uchopit),\u00a0m\u00e1 ko\u0159eny v tradi\u010dn\u00ed \u010d\u00ednsk\u00e9 medic\u00edn\u011b a je jednou z nejstar\u0161\u00edch mas\u00e1\u017en\u00edch technik na sv\u011bt\u011b. Jej\u00ed historie sah\u00e1 a\u017e do starov\u011bk\u00e9 \u010c\u00edny, kde byla pou\u017e\u00edv\u00e1na k l\u00e9\u010db\u011b r\u016fzn\u00fdch nemoc\u00ed a k pos\u00edlen\u00ed celkov\u00e9ho zdrav\u00ed.\u00a0 Dnes jsou tuina studijn\u00edm oborem na l\u00e9ka\u0159sk\u00fdch fakult\u00e1ch a v mnoha nemocnic\u00edch T\u010cM [&hellip;]","og_url":"https:\/\/www.ozdravnemasaze.cz\/uvod\/index.php\/historie\/","og_site_name":"Ozdravn\u00e9 Mas\u00e1\u017ee","article_modified_time":"2025-07-07T17:00:33+00:00","twitter_card":"summary_large_image","twitter_misc":{"Odhadovan\u00e1 doba \u010dten\u00ed":"1 minuta"},"schema":{"@context":"https:\/\/schema.org","@graph":[{"@type":"WebPage","@id":"https:\/\/www.ozdravnemasaze.cz\/uvod\/index.php\/historie\/","url":"https:\/\/www.ozdravnemasaze.cz\/uvod\/index.php\/historie\/","name":"Historie - Ozdravn\u00e9 Mas\u00e1\u017ee","isPartOf":{"@id":"https:\/\/www.ozdravnemasaze.cz\/uvod\/#website"},"datePublished":"2024-09-22T14:31:04+00:00","dateModified":"2025-07-07T17:00:33+00:00","breadcrumb":{"@id":"https:\/\/www.ozdravnemasaze.cz\/uvod\/index.php\/historie\/#breadcrumb"},"inLanguage":"cs","potentialAction":[{"@type":"ReadAction","target":["https:\/\/www.ozdravnemasaze.cz\/uvod\/index.php\/historie\/"]}]},{"@type":"BreadcrumbList","@id":"https:\/\/www.ozdravnemasaze.cz\/uvod\/index.php\/historie\/#breadcrumb","itemListElement":[{"@type":"ListItem","position":1,"name":"Home","item":"https:\/\/www.ozdravnemasaze.cz\/uvod\/"},{"@type":"ListItem","position":2,"name":"Historie"}]},{"@type":"WebSite","@id":"https:\/\/www.ozdravnemasaze.cz\/uvod\/#website","url":"https:\/\/www.ozdravnemasaze.cz\/uvod\/","name":"Ozdravn\u00e9 Mas\u00e1\u017ee","description":"Ozdravn\u00e9 Mas\u00e1\u017ee","potentialAction":[{"@type":"SearchAction","target":{"@type":"EntryPoint","urlTemplate":"https:\/\/www.ozdravnemasaze.cz\/uvod\/?s={search_term_string}"},"query-input":{"@type":"PropertyValueSpecification","valueRequired":true,"valueName":"search_term_string"}}],"inLanguage":"cs"}]}},"_links":{"self":[{"href":"https:\/\/www.ozdravnemasaze.cz\/uvod\/index.php\/wp-json\/wp\/v2\/pages\/313","targetHints":{"allow":["GET"]}}],"collection":[{"href":"https:\/\/www.ozdravnemasaze.cz\/uvod\/index.php\/wp-json\/wp\/v2\/pages"}],"about":[{"href":"https:\/\/www.ozdravnemasaze.cz\/uvod\/index.php\/wp-json\/wp\/v2\/types\/page"}],"author":[{"embeddable":true,"href":"https:\/\/www.ozdravnemasaze.cz\/uvod\/index.php\/wp-json\/wp\/v2\/users\/1"}],"replies":[{"embeddable":true,"href":"https:\/\/www.ozdravnemasaze.cz\/uvod\/index.php\/wp-json\/wp\/v2\/comments?post=313"}],"version-history":[{"count":3,"href":"https:\/\/www.ozdravnemasaze.cz\/uvod\/index.php\/wp-json\/wp\/v2\/pages\/313\/revisions"}],"predecessor-version":[{"id":407,"href":"https:\/\/www.ozdravnemasaze.cz\/uvod\/index.php\/wp-json\/wp\/v2\/pages\/313\/revisions\/407"}],"wp:attachment":[{"href":"https:\/\/www.ozdravnemasaze.cz\/uvod\/index.php\/wp-json\/wp\/v2\/media?parent=313"}],"curies":[{"name":"wp","href":"https:\/\/api.w.org\/{rel}","templated":true}]}}