{"id":33,"date":"2024-08-25T15:19:20","date_gmt":"2024-08-25T13:19:20","guid":{"rendered":"https:\/\/www.ozdravnemasaze.cz\/uvod\/?page_id=33"},"modified":"2025-03-13T11:15:40","modified_gmt":"2025-03-13T10:15:40","slug":"cenik-2","status":"publish","type":"page","link":"https:\/\/www.ozdravnemasaze.cz\/uvod\/index.php\/cenik-2\/","title":{"rendered":"CEN\u00cdK SLU\u017dEB"},"content":{"rendered":"\n<p class=\"has-text-align-left has-black-color has-text-color has-link-color has-medium-font-size wp-elements-a21361869db83d30e48902e68a270209\"><strong>(platn\u00fd od 1.11.2024)<\/strong><\/p>\n\n\n\n<div style=\"height:50px\" aria-hidden=\"true\" class=\"wp-block-spacer\"><\/div>\n\n\n\n<figure class=\"wp-block-image size-large is-resized\"><img loading=\"lazy\" decoding=\"async\" width=\"1024\" height=\"1024\" src=\"https:\/\/www.ozdravnemasaze.cz\/uvod\/wp-content\/uploads\/2025\/03\/Navrh-bez-nazvu-11-1024x1024.jpg\" alt=\"\" class=\"wp-image-398\" style=\"width:608px;height:auto\" srcset=\"https:\/\/www.ozdravnemasaze.cz\/uvod\/wp-content\/uploads\/2025\/03\/Navrh-bez-nazvu-11-1024x1024.jpg 1024w, https:\/\/www.ozdravnemasaze.cz\/uvod\/wp-content\/uploads\/2025\/03\/Navrh-bez-nazvu-11-300x300.jpg 300w, https:\/\/www.ozdravnemasaze.cz\/uvod\/wp-content\/uploads\/2025\/03\/Navrh-bez-nazvu-11-150x150.jpg 150w, https:\/\/www.ozdravnemasaze.cz\/uvod\/wp-content\/uploads\/2025\/03\/Navrh-bez-nazvu-11-768x768.jpg 768w, https:\/\/www.ozdravnemasaze.cz\/uvod\/wp-content\/uploads\/2025\/03\/Navrh-bez-nazvu-11-1536x1536.jpg 1536w, https:\/\/www.ozdravnemasaze.cz\/uvod\/wp-content\/uploads\/2025\/03\/Navrh-bez-nazvu-11-2048x2048.jpg 2048w\" sizes=\"auto, (max-width: 1024px) 100vw, 1024px\" \/><\/figure>\n\n\n\n<div style=\"height:50px\" aria-hidden=\"true\" class=\"wp-block-spacer\"><\/div>\n\n\n\n<p><\/p>\n","protected":false},"excerpt":{"rendered":"<p>(platn\u00fd od 1.11.2024)<\/p>\n","protected":false},"author":1,"featured_media":0,"parent":0,"menu_order":0,"comment_status":"closed","ping_status":"closed","template":"","meta":{"footnotes":""},"class_list":["post-33","page","type-page","status-publish","hentry"],"yoast_head":"<!-- This site is optimized with the Yoast SEO plugin v27.5 - https:\/\/yoast.com\/product\/yoast-seo-wordpress\/ -->\n<title>CEN\u00cdK SLU\u017dEB - Ozdravn\u00e9 Mas\u00e1\u017ee<\/title>\n<meta name=\"robots\" content=\"index, follow, max-snippet:-1, max-image-preview:large, max-video-preview:-1\" \/>\n<link rel=\"canonical\" href=\"https:\/\/www.ozdravnemasaze.cz\/uvod\/index.php\/cenik-2\/\" \/>\n<meta property=\"og:locale\" content=\"cs_CZ\" \/>\n<meta property=\"og:type\" content=\"article\" \/>\n<meta property=\"og:title\" content=\"CEN\u00cdK SLU\u017dEB - Ozdravn\u00e9 Mas\u00e1\u017ee\" \/>\n<meta property=\"og:description\" content=\"(platn\u00fd od 1.11.2024)\" \/>\n<meta property=\"og:url\" content=\"https:\/\/www.ozdravnemasaze.cz\/uvod\/index.php\/cenik-2\/\" \/>\n<meta property=\"og:site_name\" content=\"Ozdravn\u00e9 Mas\u00e1\u017ee\" \/>\n<meta property=\"article:modified_time\" content=\"2025-03-13T10:15:40+00:00\" \/>\n<meta property=\"og:image\" content=\"https:\/\/www.ozdravnemasaze.cz\/uvod\/wp-content\/uploads\/2025\/03\/Navrh-bez-nazvu-11-1024x1024.jpg\" \/>\n<meta name=\"twitter:card\" content=\"summary_large_image\" \/>\n<meta name=\"twitter:label1\" content=\"Odhadovan\u00e1 doba \u010dten\u00ed\" \/>\n\t<meta name=\"twitter:data1\" content=\"1 minuta\" \/>\n<script type=\"application\/ld+json\" class=\"yoast-schema-graph\">{\"@context\":\"https:\\\/\\\/schema.org\",\"@graph\":[{\"@type\":\"WebPage\",\"@id\":\"https:\\\/\\\/www.ozdravnemasaze.cz\\\/uvod\\\/index.php\\\/cenik-2\\\/\",\"url\":\"https:\\\/\\\/www.ozdravnemasaze.cz\\\/uvod\\\/index.php\\\/cenik-2\\\/\",\"name\":\"CEN\u00cdK SLU\u017dEB - Ozdravn\u00e9 Mas\u00e1\u017ee\",\"isPartOf\":{\"@id\":\"https:\\\/\\\/www.ozdravnemasaze.cz\\\/uvod\\\/#website\"},\"primaryImageOfPage\":{\"@id\":\"https:\\\/\\\/www.ozdravnemasaze.cz\\\/uvod\\\/index.php\\\/cenik-2\\\/#primaryimage\"},\"image\":{\"@id\":\"https:\\\/\\\/www.ozdravnemasaze.cz\\\/uvod\\\/index.php\\\/cenik-2\\\/#primaryimage\"},\"thumbnailUrl\":\"https:\\\/\\\/www.ozdravnemasaze.cz\\\/uvod\\\/wp-content\\\/uploads\\\/2025\\\/03\\\/Navrh-bez-nazvu-11-1024x1024.jpg\",\"datePublished\":\"2024-08-25T13:19:20+00:00\",\"dateModified\":\"2025-03-13T10:15:40+00:00\",\"breadcrumb\":{\"@id\":\"https:\\\/\\\/www.ozdravnemasaze.cz\\\/uvod\\\/index.php\\\/cenik-2\\\/#breadcrumb\"},\"inLanguage\":\"cs\",\"potentialAction\":[{\"@type\":\"ReadAction\",\"target\":[\"https:\\\/\\\/www.ozdravnemasaze.cz\\\/uvod\\\/index.php\\\/cenik-2\\\/\"]}]},{\"@type\":\"ImageObject\",\"inLanguage\":\"cs\",\"@id\":\"https:\\\/\\\/www.ozdravnemasaze.cz\\\/uvod\\\/index.php\\\/cenik-2\\\/#primaryimage\",\"url\":\"https:\\\/\\\/www.ozdravnemasaze.cz\\\/uvod\\\/wp-content\\\/uploads\\\/2025\\\/03\\\/Navrh-bez-nazvu-11-scaled.jpg\",\"contentUrl\":\"https:\\\/\\\/www.ozdravnemasaze.cz\\\/uvod\\\/wp-content\\\/uploads\\\/2025\\\/03\\\/Navrh-bez-nazvu-11-scaled.jpg\",\"width\":2560,\"height\":2560},{\"@type\":\"BreadcrumbList\",\"@id\":\"https:\\\/\\\/www.ozdravnemasaze.cz\\\/uvod\\\/index.php\\\/cenik-2\\\/#breadcrumb\",\"itemListElement\":[{\"@type\":\"ListItem\",\"position\":1,\"name\":\"Home\",\"item\":\"https:\\\/\\\/www.ozdravnemasaze.cz\\\/uvod\\\/\"},{\"@type\":\"ListItem\",\"position\":2,\"name\":\"CEN\u00cdK SLU\u017dEB\"}]},{\"@type\":\"WebSite\",\"@id\":\"https:\\\/\\\/www.ozdravnemasaze.cz\\\/uvod\\\/#website\",\"url\":\"https:\\\/\\\/www.ozdravnemasaze.cz\\\/uvod\\\/\",\"name\":\"Ozdravn\u00e9 Mas\u00e1\u017ee\",\"description\":\"Ozdravn\u00e9 Mas\u00e1\u017ee\",\"potentialAction\":[{\"@type\":\"SearchAction\",\"target\":{\"@type\":\"EntryPoint\",\"urlTemplate\":\"https:\\\/\\\/www.ozdravnemasaze.cz\\\/uvod\\\/?s={search_term_string}\"},\"query-input\":{\"@type\":\"PropertyValueSpecification\",\"valueRequired\":true,\"valueName\":\"search_term_string\"}}],\"inLanguage\":\"cs\"}]}<\/script>\n<!-- \/ Yoast SEO plugin. -->","yoast_head_json":{"title":"CEN\u00cdK SLU\u017dEB - Ozdravn\u00e9 Mas\u00e1\u017ee","robots":{"index":"index","follow":"follow","max-snippet":"max-snippet:-1","max-image-preview":"max-image-preview:large","max-video-preview":"max-video-preview:-1"},"canonical":"https:\/\/www.ozdravnemasaze.cz\/uvod\/index.php\/cenik-2\/","og_locale":"cs_CZ","og_type":"article","og_title":"CEN\u00cdK SLU\u017dEB - Ozdravn\u00e9 Mas\u00e1\u017ee","og_description":"(platn\u00fd od 1.11.2024)","og_url":"https:\/\/www.ozdravnemasaze.cz\/uvod\/index.php\/cenik-2\/","og_site_name":"Ozdravn\u00e9 Mas\u00e1\u017ee","article_modified_time":"2025-03-13T10:15:40+00:00","og_image":[{"url":"https:\/\/www.ozdravnemasaze.cz\/uvod\/wp-content\/uploads\/2025\/03\/Navrh-bez-nazvu-11-1024x1024.jpg","type":"","width":"","height":""}],"twitter_card":"summary_large_image","twitter_misc":{"Odhadovan\u00e1 doba \u010dten\u00ed":"1 minuta"},"schema":{"@context":"https:\/\/schema.org","@graph":[{"@type":"WebPage","@id":"https:\/\/www.ozdravnemasaze.cz\/uvod\/index.php\/cenik-2\/","url":"https:\/\/www.ozdravnemasaze.cz\/uvod\/index.php\/cenik-2\/","name":"CEN\u00cdK SLU\u017dEB - Ozdravn\u00e9 Mas\u00e1\u017ee","isPartOf":{"@id":"https:\/\/www.ozdravnemasaze.cz\/uvod\/#website"},"primaryImageOfPage":{"@id":"https:\/\/www.ozdravnemasaze.cz\/uvod\/index.php\/cenik-2\/#primaryimage"},"image":{"@id":"https:\/\/www.ozdravnemasaze.cz\/uvod\/index.php\/cenik-2\/#primaryimage"},"thumbnailUrl":"https:\/\/www.ozdravnemasaze.cz\/uvod\/wp-content\/uploads\/2025\/03\/Navrh-bez-nazvu-11-1024x1024.jpg","datePublished":"2024-08-25T13:19:20+00:00","dateModified":"2025-03-13T10:15:40+00:00","breadcrumb":{"@id":"https:\/\/www.ozdravnemasaze.cz\/uvod\/index.php\/cenik-2\/#breadcrumb"},"inLanguage":"cs","potentialAction":[{"@type":"ReadAction","target":["https:\/\/www.ozdravnemasaze.cz\/uvod\/index.php\/cenik-2\/"]}]},{"@type":"ImageObject","inLanguage":"cs","@id":"https:\/\/www.ozdravnemasaze.cz\/uvod\/index.php\/cenik-2\/#primaryimage","url":"https:\/\/www.ozdravnemasaze.cz\/uvod\/wp-content\/uploads\/2025\/03\/Navrh-bez-nazvu-11-scaled.jpg","contentUrl":"https:\/\/www.ozdravnemasaze.cz\/uvod\/wp-content\/uploads\/2025\/03\/Navrh-bez-nazvu-11-scaled.jpg","width":2560,"height":2560},{"@type":"BreadcrumbList","@id":"https:\/\/www.ozdravnemasaze.cz\/uvod\/index.php\/cenik-2\/#breadcrumb","itemListElement":[{"@type":"ListItem","position":1,"name":"Home","item":"https:\/\/www.ozdravnemasaze.cz\/uvod\/"},{"@type":"ListItem","position":2,"name":"CEN\u00cdK SLU\u017dEB"}]},{"@type":"WebSite","@id":"https:\/\/www.ozdravnemasaze.cz\/uvod\/#website","url":"https:\/\/www.ozdravnemasaze.cz\/uvod\/","name":"Ozdravn\u00e9 Mas\u00e1\u017ee","description":"Ozdravn\u00e9 Mas\u00e1\u017ee","potentialAction":[{"@type":"SearchAction","target":{"@type":"EntryPoint","urlTemplate":"https:\/\/www.ozdravnemasaze.cz\/uvod\/?s={search_term_string}"},"query-input":{"@type":"PropertyValueSpecification","valueRequired":true,"valueName":"search_term_string"}}],"inLanguage":"cs"}]}},"_links":{"self":[{"href":"https:\/\/www.ozdravnemasaze.cz\/uvod\/index.php\/wp-json\/wp\/v2\/pages\/33","targetHints":{"allow":["GET"]}}],"collection":[{"href":"https:\/\/www.ozdravnemasaze.cz\/uvod\/index.php\/wp-json\/wp\/v2\/pages"}],"about":[{"href":"https:\/\/www.ozdravnemasaze.cz\/uvod\/index.php\/wp-json\/wp\/v2\/types\/page"}],"author":[{"embeddable":true,"href":"https:\/\/www.ozdravnemasaze.cz\/uvod\/index.php\/wp-json\/wp\/v2\/users\/1"}],"replies":[{"embeddable":true,"href":"https:\/\/www.ozdravnemasaze.cz\/uvod\/index.php\/wp-json\/wp\/v2\/comments?post=33"}],"version-history":[{"count":5,"href":"https:\/\/www.ozdravnemasaze.cz\/uvod\/index.php\/wp-json\/wp\/v2\/pages\/33\/revisions"}],"predecessor-version":[{"id":399,"href":"https:\/\/www.ozdravnemasaze.cz\/uvod\/index.php\/wp-json\/wp\/v2\/pages\/33\/revisions\/399"}],"wp:attachment":[{"href":"https:\/\/www.ozdravnemasaze.cz\/uvod\/index.php\/wp-json\/wp\/v2\/media?parent=33"}],"curies":[{"name":"wp","href":"https:\/\/api.w.org\/{rel}","templated":true}]}}